{"id":199,"date":"2009-05-26T11:54:33","date_gmt":"2009-05-26T09:54:33","guid":{"rendered":"http:\/\/www.derfaulepoet.de\/?page_id=199"},"modified":"2019-03-25T17:22:03","modified_gmt":"2019-03-25T15:22:03","slug":"los-geht-es","status":"publish","type":"page","link":"http:\/\/www.derfaulepoet.de\/","title":{"rendered":"Los geht es"},"content":{"rendered":"\n<p>Es ist ein kleiner Irrgarten, ein wahres Labyrinth, durch das sich jeder spielend bewegen darf, je nach dem, wie ihm beliebt.<br>Auf den weit verzweigten Wegen sind<\/p>\n\n\n\n<ul><li>Kinderr\u00e4tsel<\/li><li>Anagramme<\/li><li>Logogriphe<\/li><li>Palindrome<\/li><li>Scharaden<\/li><li>einfache Vollr\u00e4tsel<\/li><li>Br\u00fccken-Wort-R\u00e4tsel<\/li><\/ul>\n\n\n\n<p>und so manche andere R\u00e4tselarten als R\u00e4tselpfl\u00e4nzchen im eigenen Beet zu finden.<br>R\u00e4tsel sind Spezis der Unterhaltung und der Literatur und geh\u00f6ren seit Jahrtausenden zur Kommunikation zwischen den Menschen.<\/p>\n\n\n\n<p>Hier ist ein gro\u00dfer R\u00e4tselmix f\u00fcr alle Altersgruppen zu finden. R\u00e4tsel von mir und anderer Autoren.<br>Wen die <a title=\"GESCHICHTE\" href=\"http:\/\/www.derfaulepoet.de\/?page_id=1619\">Geschichte der R\u00e4tsel<\/a> interessiert, der wird auch informiert.<br>Ich hoffe, die Mehrzahl der Leser, junge wie alte, finden Entspannung in meinem bunten R\u00e4tselgarten. Wer Ideen zur Verbesserung dieses R\u00e4tselirrgartens hat, oder eigene R\u00e4tsel einstellen m\u00f6chte, der schreibe mir einfach.<br>R\u00e4tsel, die gut sind, stelle ich mit dem Namen des Verfassers oder der Verfasserin auf einer eigenen Leser-R\u00e4tsel-Seite ein.<\/p>\n\n\n\n<p>Und nun viel Spa\u00df beim Spaziergang, St\u00f6bern, Pfl\u00fccken und Raten, aber Vorsicht, verlauft Euch nicht.<\/p>\n\n\n\n<figure class=\"wp-block-image\"><img loading=\"lazy\" width=\"840\" height=\"580\" src=\"http:\/\/www.derfaulepoet.de\/wp-content\/uploads\/2019\/03\/Fridolin.jpg\" alt=\"Fridolins R\u00e4tseln\u00fcsse\" class=\"wp-image-2082\" srcset=\"http:\/\/www.derfaulepoet.de\/wp-content\/uploads\/2019\/03\/Fridolin.jpg 840w, http:\/\/www.derfaulepoet.de\/wp-content\/uploads\/2019\/03\/Fridolin-300x207.jpg 300w, http:\/\/www.derfaulepoet.de\/wp-content\/uploads\/2019\/03\/Fridolin-768x530.jpg 768w, http:\/\/www.derfaulepoet.de\/wp-content\/uploads\/2019\/03\/Fridolin-800x552.jpg 800w\" sizes=\"(max-width: 840px) 100vw, 840px\" \/><\/figure>\n\n\n\n<p>\u201eFridolins R\u00e4tseln\u00fcsse\u201c ist ein 36seitiges R\u00e4tselheft auf hochwertigen Papier mit Pappeinband. <br><strong>Limitiert auf 250 Exemplare.<\/strong> <br>Darin befinden sich gut 100 R\u00e4tsel und verr\u00e4tselte Reimspiele, u.a. zum Selberweiterdichten f\u00fcr Kinder, was die Altersgruppe 6 bis 8 besonders mag. <br>Ein Heft kostet 5,20 Euro inklusive Verpackung und Porto zur Abdeckung des Herstellungspreises. <\/p>\n\n\n\n<p style=\"text-align:center\">Interesse?<br>Das R\u00e4tselbuch zur Seite ist bestellbar unter: <a href=\"mailto:rngndlch@aol.com\">rngndlch@aol.com<\/a><\/p>\n\n\n\n<p><\/p>\n","protected":false},"excerpt":{"rendered":"<p>Es ist ein kleiner Irrgarten, ein wahres Labyrinth, durch das sich jeder spielend bewegen darf, je nach dem, wie ihm beliebt.Auf den weit verzweigten Wegen sind Kinderr\u00e4tsel Anagramme Logogriphe Palindrome Scharaden einfache Vollr\u00e4tsel Br\u00fccken-Wort-R\u00e4tsel und so manche andere R\u00e4tselarten als R\u00e4tselpfl\u00e4nzchen im eigenen Beet zu finden.R\u00e4tsel sind Spezis der Unterhaltung und der Literatur und geh\u00f6ren [&hellip;]<\/p>\n","protected":false},"author":1,"featured_media":0,"parent":0,"menu_order":1,"comment_status":"closed","ping_status":"closed","template":"","meta":[],"categories":[],"tags":[],"_links":{"self":[{"href":"http:\/\/www.derfaulepoet.de\/index.php?rest_route=\/wp\/v2\/pages\/199"}],"collection":[{"href":"http:\/\/www.derfaulepoet.de\/index.php?rest_route=\/wp\/v2\/pages"}],"about":[{"href":"http:\/\/www.derfaulepoet.de\/index.php?rest_route=\/wp\/v2\/types\/page"}],"author":[{"embeddable":true,"href":"http:\/\/www.derfaulepoet.de\/index.php?rest_route=\/wp\/v2\/users\/1"}],"replies":[{"embeddable":true,"href":"http:\/\/www.derfaulepoet.de\/index.php?rest_route=%2Fwp%2Fv2%2Fcomments&post=199"}],"version-history":[{"count":87,"href":"http:\/\/www.derfaulepoet.de\/index.php?rest_route=\/wp\/v2\/pages\/199\/revisions"}],"predecessor-version":[{"id":2115,"href":"http:\/\/www.derfaulepoet.de\/index.php?rest_route=\/wp\/v2\/pages\/199\/revisions\/2115"}],"wp:attachment":[{"href":"http:\/\/www.derfaulepoet.de\/index.php?rest_route=%2Fwp%2Fv2%2Fmedia&parent=199"}],"wp:term":[{"taxonomy":"category","embeddable":true,"href":"http:\/\/www.derfaulepoet.de\/index.php?rest_route=%2Fwp%2Fv2%2Fcategories&post=199"},{"taxonomy":"post_tag","embeddable":true,"href":"http:\/\/www.derfaulepoet.de\/index.php?rest_route=%2Fwp%2Fv2%2Ftags&post=199"}],"curies":[{"name":"wp","href":"https:\/\/api.w.org\/{rel}","templated":true}]}}