{"id":1942,"date":"2015-05-09T16:16:46","date_gmt":"2015-05-09T14:16:46","guid":{"rendered":"http:\/\/www.derfaulepoet.de\/?page_id=1942"},"modified":"2015-05-09T16:16:48","modified_gmt":"2015-05-09T14:16:48","slug":"ingeborg-feustel","status":"publish","type":"page","link":"http:\/\/www.derfaulepoet.de\/?page_id=1942","title":{"rendered":"INGEBORG FEUSTEL"},"content":{"rendered":"<p>&nbsp;<\/p>\n<p>Es stapft wer durch den Zauberwald,hat Stulpenstiefel an,hat einen Schnurrbart, zwirbelflott -ist nicht der Weihnachtsmann.Die M\u00e4use fl\u00fcchten ins Versteck.Husch &#8211; sind sie weg!Die Katzen aber, von fern und nah,sehen ihm nach und rufen: \u00bbAaah!\u00abKam&#8216; er bei dir vorbeigerannt,du h\u00e4ttest ihn sofort erkannt.<\/p>\n<p><a class=\"accordion-toggle collapsed\" data-toggle=\"collapse\" data-parent=\"#accordion-thinkupshortcodesaccordion22\" href=\"#thinkupshortcodesaccordion22-0\">ANTWORT<\/a>Der gestiefelte Kater<\/p>\n<p>\u00a0<\/p>\n<p>Wenn man dich kennt und deinen Namen nennt, dann freust du dich und machst ein freundliches Gesicht. Ich wei\u00df von einem M\u00e4nnlein, das tanzt im Feuerlicht, sagt selten seinen Namen, steckt bis zum Hals voll List. Wei\u00dft du, wer das M\u00e4nnlein ist?<\/p>\n<p><a class=\"accordion-toggle collapsed\" data-toggle=\"collapse\" data-parent=\"#accordion-thinkupshortcodesaccordion23\" href=\"#thinkupshortcodesaccordion23-0\">ANTWORT<\/a>Das Rumpelstilzchen<\/p>\n<p>&nbsp;<\/p>\n","protected":false},"excerpt":{"rendered":"<p>&nbsp; Es stapft wer durch den Zauberwald,hat Stulpenstiefel an,hat einen Schnurrbart, zwirbelflott -ist nicht der Weihnachtsmann.Die M\u00e4use fl\u00fcchten ins Versteck.Husch &#8211; sind sie weg!Die Katzen aber, von fern und nah,sehen ihm nach und rufen: \u00bbAaah!\u00abKam&#8216; er bei dir vorbeigerannt,du h\u00e4ttest ihn sofort erkannt. ANTWORTDer gestiefelte Kater \u00a0 Wenn man dich kennt und deinen Namen nennt, [&hellip;]<\/p>\n","protected":false},"author":1,"featured_media":0,"parent":0,"menu_order":0,"comment_status":"open","ping_status":"open","template":"","meta":[],"categories":[],"tags":[],"_links":{"self":[{"href":"http:\/\/www.derfaulepoet.de\/index.php?rest_route=\/wp\/v2\/pages\/1942"}],"collection":[{"href":"http:\/\/www.derfaulepoet.de\/index.php?rest_route=\/wp\/v2\/pages"}],"about":[{"href":"http:\/\/www.derfaulepoet.de\/index.php?rest_route=\/wp\/v2\/types\/page"}],"author":[{"embeddable":true,"href":"http:\/\/www.derfaulepoet.de\/index.php?rest_route=\/wp\/v2\/users\/1"}],"replies":[{"embeddable":true,"href":"http:\/\/www.derfaulepoet.de\/index.php?rest_route=%2Fwp%2Fv2%2Fcomments&post=1942"}],"version-history":[{"count":1,"href":"http:\/\/www.derfaulepoet.de\/index.php?rest_route=\/wp\/v2\/pages\/1942\/revisions"}],"predecessor-version":[{"id":1943,"href":"http:\/\/www.derfaulepoet.de\/index.php?rest_route=\/wp\/v2\/pages\/1942\/revisions\/1943"}],"wp:attachment":[{"href":"http:\/\/www.derfaulepoet.de\/index.php?rest_route=%2Fwp%2Fv2%2Fmedia&parent=1942"}],"wp:term":[{"taxonomy":"category","embeddable":true,"href":"http:\/\/www.derfaulepoet.de\/index.php?rest_route=%2Fwp%2Fv2%2Fcategories&post=1942"},{"taxonomy":"post_tag","embeddable":true,"href":"http:\/\/www.derfaulepoet.de\/index.php?rest_route=%2Fwp%2Fv2%2Ftags&post=1942"}],"curies":[{"name":"wp","href":"https:\/\/api.w.org\/{rel}","templated":true}]}}